 3, 11, 739, 15731
What are the prime factors of 174485014?
2, 11, 7931137
What are the prime factors of 2682826528?
2, 83838329
What are the prime factors of 4769136754?
2, 2384568377
What are the prime factors of 1317549881?
1317549881
List the prime factors of 916824400.
2, 5, 229, 10009
List the prime factors of 7322432854.
2, 11, 131, 230977
List the prime factors of 910334723.
137, 701, 9479
What are the prime factors of 590769236?
2, 491, 300799
What are the prime factors of 490737798?
2, 3, 23, 395119
List the prime factors of 132523980.
2, 3, 5, 433, 5101
List the prime factors of 70984377.
3, 2629051
List the prime factors of 74235106.
2, 11, 1579, 2137
What are the prime factors of 130007950?
2, 5, 449, 5791
What are the prime factors of 2024154529?
751, 2695279
List the prime factors of 41629240.
2, 5, 1040731
List the prime factors of 43190711.
23, 1877857
What are the prime factors of 4766379454?
2, 17, 11173, 12547
List the prime factors of 3847973506.
2, 13, 11384537
List the prime factors of 39549993.
3, 7, 997, 1889
What are the prime factors of 3446012253?
3, 617, 653, 2851
What are the prime factors of 1068736699?
23, 719, 64627
What are the prime factors of 232407093?
3, 31, 809, 3089
List the prime factors of 57077601.
3, 7, 55469
What are the prime factors of 480773472?
2, 3, 5008057
List the prime factors of 1010184093.
3, 97, 521, 2221
What are the prime factors of 5683772341?
13, 67, 501967
List the prime factors of 514596226.
2, 257298113
List the prime factors of 239035726.
2, 73, 307, 5333
What are the prime factors of 44316368?
2, 103, 26891
What are the prime factors of 13141959?
3, 29, 151057
List the prime factors of 271796367.
3, 313, 289453
List the prime factors of 2129427100.
2, 5, 21294271
What are the prime factors of 1306334440?
2, 5, 32658361
What are the prime factors of 461707871?
461707871
List the prime factors of 1306073501.
17, 59, 61, 21347
List the prime factors of 12660134.
2, 6330067
What are the prime factors of 327959997?
3, 109319999
What are the prime factors of 195370039?
277, 705307
What are the prime factors of 65543931?
3, 1093, 2221
What are the prime factors of 1252033721?
673, 1860377
What are the prime factors of 54398347?
54398347
List the prime factors of 1044421283.
23, 29, 269, 5821
List the prime factors of 227277783.
3, 937, 26951
What are the prime factors of 177313348?
2, 23, 1927319
List the prime factors of 1003102758.
2, 3, 7, 19, 7351
List the prime factors of 167990136.
2, 3, 6999589
List the prime factors of 209670549.
3, 11, 6353653
What are the prime factors of 238929424?
2, 17, 37, 23741
List the prime factors of 140264858.
2, 17, 887, 4651
What are the prime factors of 383811899?
31, 12381029
List the prime factors of 558318551.
7, 79759793
List the prime factors of 1912461691.
7, 61, 4478833
List the prime factors of 88671526.
2, 401, 110563
List the prime factors of 454933729.
454933729
What are the prime factors of 78701227?
11, 73, 98009
List the prime factors of 74352585.
3, 5, 661, 7499
What are the prime factors of 20664749?
7, 503, 5869
What are the prime factors of 88846560?
2, 3, 5, 11, 71, 79
What are the prime factors of 2072896252?
2, 7, 23, 197, 16339
List the prime factors of 1997369967.
3, 17, 39164117
What are the prime factors of 39292892?
2, 347, 28309
What are the prime factors of 967743745?
5, 23, 8415163
List the prime factors of 3176562.
2, 3, 337, 1571
What are the prime factors of 36459015?
3, 5, 2430601
List the prime factors of 164053998.
2, 3, 1012679
List the prime factors of 31928883.
3, 7, 1520423
What are the prime factors of 140383083?
3, 46794361
List the prime factors of 2141173672.
2, 11, 67, 363157
What are the prime factors of 39151941?
3, 127, 102761
List the prime factors of 31435059.
3, 229, 45757
List the prime factors of 815879727.
3, 13, 151, 46181
What are the prime factors of 172385196?
2, 3, 14365433
What are the prime factors of 38366328?
2, 3, 7, 11, 13, 1597
List the prime factors of 196312238.
2, 181, 542299
What are the prime factors of 6354492?
2, 3, 61, 8681
What are the prime factors of 2464526005?
5, 19, 313, 82883
What are the prime factors of 319179379?
31, 10296109
What are the prime factors of 916662106?
2, 19, 24122687
List the prime factors of 18898913.
11, 1718083
List the prime factors of 113874748.
2, 13, 23, 95213
List the prime factors of 196854131.
1213, 162287
What are the prime factors of 243718001?
17, 29, 31, 37, 431
What are the prime factors of 611084246?
2, 305542123
List the prime factors of 73541388.
2, 3, 17, 360497
List the prime factors of 227039691.
3, 31, 577, 4231
List the prime factors of 8077079.
8077079
What are the prime factors of 1042003056?
2, 3, 21708397
List the prime factors of 404379187.
17, 41, 61, 9511
List the prime factors of 34660427.
19, 89, 103, 199
List the prime factors of 93230950.
2, 5, 31, 60149
List the prime factors of 12040026.
2, 3, 2006671
List the prime factors of 688998072.
2, 3, 7, 4101179
What are the prime factors of 966404489?
43, 22474523
What are the prime factors of 5647104697?
13, 751, 578419
List the prime factors of 23122629.
3, 2569181
List the prime factors of 66066250.
2, 5, 17, 3109
List the prime factors of 124686110.
2, 5, 971, 12841
What are the prime factors of 86823830?
2, 5, 37, 234659
What are the prime factors of 789796158?
2, 3, 61, 2157913
List the prime factors of 1192174186.
2, 7, 85155299
What are the prime factors of 424969155?
3, 5, 13, 577, 1259
List the prime factors of 178865165.
5, 41, 43, 103, 197
List the prime factors of 1812958403.
29, 62515807
List the prime factors of 3685151469.
3, 1228383823
What are the prime factors of 1289921561?
1289921561
What are the prime factors of 311501193?
3, 53, 269, 7283
List the prime factors of 2039129102.
2, 53, 19237067
What are the prime factors of 1225763424?
2, 3, 109, 39047
List the prime factors of 1895278547.
1895278547
What are the prime factors of 33868827?
3, 433, 2897
List the prime factors of 494813120.
2, 5, 1546291
What are the prime factors of 1096950312?
2, 3, 61, 379, 659
What are the prime factors of 1312795024?
2, 82049689
List the prime factors of 925275160.
2, 5, 29, 521, 1531
What are the prime factors of 4985853962?
2, 107, 1489, 15647
What are the prime factors of 158048895?
3, 5, 419, 25147
What are the prime factors of 49895987?
61, 151, 5417
List the prime factors of 1242483068.
2, 73, 4255079
What are the prime factors of 191295430?
2, 5, 19129543
List the prime factors of 821244845.
5, 164248969
List the prime factors of 303729689.
303729689
List the prime factors of 132412416.
2, 3, 43103
What are the prime factors of 7210634996?
2, 9043, 199343
List the prime factors of 17914268.
2, 4478567
What are the prime factors of 657226707?
3, 4973, 44053
List the prime factors of 12712939.
12712939
What are the prime factors of 37543051?
7, 13, 412561
What are the prime factors of 42729436?
2, 827, 12917
What are the prime factors of 21645015?
3, 5, 7, 601
What are the prime factors of 2287937203?
263, 8699381
What are the prime factors of 24402915?
3, 5, 113, 4799
What are the prime factors of 149743926?
2, 3, 359, 23173
What are the prime factors of 1920867979?
61, 643, 48973
List the prime factors of 2122771428.
2, 3, 19, 1034489
List the prime factors of 4425564377.
13, 937, 363317
List the prime factors of 7940458.
2, 1471, 2699
List the prime factors of 928387343.
13, 71414411
List the prime factors of 78465795.
3, 5, 17, 47, 6547
What are the prime factors of 75494365?
5, 17, 103, 8623
What are the prime factors of 51982184?
2, 43, 137, 1103
What are the prime factors of 707218655?
5, 11, 13, 31, 31907
List the prime factors of 2065639545.
3, 5, 23, 1995787
List the prime factors of 1186854868.
2, 43, 197, 35027
What are the prime factors of 4655329170?
2, 3, 5, 155177639
What are the prime factors of 146540649?
3, 48846883
What are the prime factors of 6257674605?
3, 5, 7, 13, 19, 34469
What are the prime factors of 2004314000?
2, 5, 13, 127, 607
List the prime factors of 6146795938.
2, 59, 52091491
List the prime factors of 663257205.
3, 5, 13, 41, 27653
List the prime factors of 1444780306.
2, 43, 857, 19603
List the prime factors of 35496514.
